[INFO] cloning repository https://github.com/kildevaeld/tasks-rs
[INFO] running `Command { std: "git" "-c" "credential.helper=" "-c" "credential.helper=/workspace/cargo-home/bin/git-credential-null" "clone" "--bare" "https://github.com/kildevaeld/tasks-rs" "/workspace/cache/git-repos/https%3A%2F%2Fgithub.com%2Fkildevaeld%2Ftasks-rs", kill_on_drop: false }`
[INFO] [stderr] Cloning into bare repository '/workspace/cache/git-repos/https%3A%2F%2Fgithub.com%2Fkildevaeld%2Ftasks-rs'...
[INFO] running `Command { std: "git" "rev-parse" "HEAD", kill_on_drop: false }`
[INFO] [stdout] 0fcd8a405dc7e2b506e64841c1a6b7d8fab2d88a
[INFO] building kildevaeld/tasks-rs against master#ff34b919075f35a1787659e9c448a34b06bab8de for issue-85264
[INFO] running `Command { std: "git" "clone" "/workspace/cache/git-repos/https%3A%2F%2Fgithub.com%2Fkildevaeld%2Ftasks-rs" "/workspace/builds/worker-6/source", kill_on_drop: false }`
[INFO] [stderr] Cloning into '/workspace/builds/worker-6/source'...
[INFO] [stderr] done.
[INFO] validating manifest of git repo https://github.com/kildevaeld/tasks-rs on toolchain ff34b919075f35a1787659e9c448a34b06bab8de
[INFO] running `Command { std: "/workspace/cargo-home/bin/cargo" "+ff34b919075f35a1787659e9c448a34b06bab8de" "metadata" "--manifest-path" "Cargo.toml" "--no-deps", kill_on_drop: false }`
[INFO] started tweaking git repo https://github.com/kildevaeld/tasks-rs
[INFO] finished tweaking git repo https://github.com/kildevaeld/tasks-rs
[INFO] tweaked toml for git repo https://github.com/kildevaeld/tasks-rs written to /workspace/builds/worker-6/source/Cargo.toml
[INFO] crate git repo https://github.com/kildevaeld/tasks-rs already has a lockfile, it will not be regenerated
[INFO] running `Command { std: "/workspace/cargo-home/bin/cargo" "+ff34b919075f35a1787659e9c448a34b06bab8de" "fetch" "--manifest-path" "Cargo.toml", kill_on_drop: false }`
[INFO] [stderr]     Blocking waiting for file lock on package cache
[INFO] [stderr]     Blocking waiting for file lock on package cache
[INFO] running `Command { std: "docker" "create" "-v" "/var/lib/crater-agent-workspace/builds/worker-6/target:/opt/rustwide/target:rw,Z" "-v" "/var/lib/crater-agent-workspace/builds/worker-6/source:/opt/rustwide/workdir:ro,Z" "-v" "/var/lib/crater-agent-workspace/cargo-home:/opt/rustwide/cargo-home:ro,Z" "-v" "/var/lib/crater-agent-workspace/rustup-home:/opt/rustwide/rustup-home:ro,Z" "-e" "SOURCE_DIR=/opt/rustwide/workdir" "-e" "CARGO_TARGET_DIR=/opt/rustwide/target" "-e" "CARGO_HOME=/opt/rustwide/cargo-home" "-e" "RUSTUP_HOME=/opt/rustwide/rustup-home" "-w" "/opt/rustwide/workdir" "-m" "1610612736" "--user" "0:0" "--network" "none" "ghcr.io/rust-lang/crates-build-env/linux@sha256:20528e8c29e4536546f0102ce88568b16ea7538393a33fcca951030f7af10457" "/opt/rustwide/cargo-home/bin/cargo" "+ff34b919075f35a1787659e9c448a34b06bab8de" "metadata" "--no-deps" "--format-version=1", kill_on_drop: false }`
[INFO] [stdout] ea2d8861dd3bdba6b7e5be4d4fdea561eed96dd0cd999620ac767ec8669141b0
[INFO] [stderr] WARNING: Your kernel does not support swap limit capabilities or the cgroup is not mounted. Memory limited without swap.
[INFO] running `Command { std: "docker" "start" "-a" "ea2d8861dd3bdba6b7e5be4d4fdea561eed96dd0cd999620ac767ec8669141b0", kill_on_drop: false }`
[INFO] running `Command { std: "docker" "inspect" "ea2d8861dd3bdba6b7e5be4d4fdea561eed96dd0cd999620ac767ec8669141b0", kill_on_drop: false }`
[INFO] running `Command { std: "docker" "rm" "-f" "ea2d8861dd3bdba6b7e5be4d4fdea561eed96dd0cd999620ac767ec8669141b0", kill_on_drop: false }`
[INFO] [stdout] ea2d8861dd3bdba6b7e5be4d4fdea561eed96dd0cd999620ac767ec8669141b0
[INFO] running `Command { std: "docker" "create" "-v" "/var/lib/crater-agent-workspace/builds/worker-6/target:/opt/rustwide/target:rw,Z" "-v" "/var/lib/crater-agent-workspace/builds/worker-6/source:/opt/rustwide/workdir:ro,Z" "-v" "/var/lib/crater-agent-workspace/cargo-home:/opt/rustwide/cargo-home:ro,Z" "-v" "/var/lib/crater-agent-workspace/rustup-home:/opt/rustwide/rustup-home:ro,Z" "-e" "SOURCE_DIR=/opt/rustwide/workdir" "-e" "CARGO_TARGET_DIR=/opt/rustwide/target" "-e" "CARGO_INCREMENTAL=0" "-e" "RUST_BACKTRACE=full" "-e" "RUSTFLAGS=--cap-lints=forbid" "-e" "CARGO_HOME=/opt/rustwide/cargo-home" "-e" "RUSTUP_HOME=/opt/rustwide/rustup-home" "-w" "/opt/rustwide/workdir" "-m" "1610612736" "--user" "0:0" "--network" "none" "ghcr.io/rust-lang/crates-build-env/linux@sha256:20528e8c29e4536546f0102ce88568b16ea7538393a33fcca951030f7af10457" "/opt/rustwide/cargo-home/bin/cargo" "+ff34b919075f35a1787659e9c448a34b06bab8de" "build" "--frozen" "--message-format=json", kill_on_drop: false }`
[INFO] [stdout] 7d46d0fcae5ac93afdeb19be7aa2ad3cbd56401fd56156498fabc5606c9702bb
[INFO] [stderr] WARNING: Your kernel does not support swap limit capabilities or the cgroup is not mounted. Memory limited without swap.
[INFO] running `Command { std: "docker" "start" "-a" "7d46d0fcae5ac93afdeb19be7aa2ad3cbd56401fd56156498fabc5606c9702bb", kill_on_drop: false }`
[INFO] [stderr]    Compiling proc-macro2 v1.0.24
[INFO] [stderr]    Compiling unicode-xid v0.2.1
[INFO] [stderr]    Compiling syn v1.0.45
[INFO] [stderr]    Compiling memchr v2.3.3
[INFO] [stderr]    Compiling version_check v0.9.2
[INFO] [stderr]    Compiling libc v0.2.79
[INFO] [stderr]    Compiling pin-project-internal v0.4.27
[INFO] [stderr]    Compiling slab v0.4.2
[INFO] [stderr]    Compiling cfg-if v0.1.10
[INFO] [stderr]    Compiling futures-core v0.3.6
[INFO] [stderr]    Compiling log v0.4.11
[INFO] [stderr]    Compiling proc-macro-nested v0.1.6
[INFO] [stderr]    Compiling lazy_static v1.4.0
[INFO] [stderr]    Compiling once_cell v1.4.1
[INFO] [stderr]    Compiling futures-sink v0.3.6
[INFO] [stderr]    Compiling autocfg v1.0.1
[INFO] [stderr]    Compiling pin-utils v0.1.0
[INFO] [stderr]    Compiling futures-io v0.3.6
[INFO] [stderr]    Compiling regex-syntax v0.6.20
[INFO] [stderr]    Compiling fnv v1.0.7
[INFO] [stderr]    Compiling object v0.21.1
[INFO] [stderr]    Compiling cfg-if v1.0.0
[INFO] [stderr]    Compiling ryu v1.0.5
[INFO] [stderr]    Compiling pin-project-lite v0.1.10
[INFO] [stderr]    Compiling rustc-demangle v0.1.17
[INFO] [stderr]    Compiling bytes v0.5.6
[INFO] [stderr]    Compiling serde v1.0.117
[INFO] [stderr]    Compiling mime v0.3.16
[INFO] [stderr]    Compiling opaque-debug v0.3.0
[INFO] [stderr]    Compiling cpuid-bool v0.1.2
[INFO] [stderr]    Compiling addr2line v0.13.0
[INFO] [stderr]    Compiling async-mutex v1.4.0
[INFO] [stderr]    Compiling thread_local v1.0.1
[INFO] [stderr]    Compiling futures-channel v0.3.6
[INFO] [stderr]    Compiling futures-task v0.3.6
[INFO] [stderr]    Compiling unicase v2.6.0
[INFO] [stderr]    Compiling generic-array v0.14.4
[INFO] [stderr]    Compiling miniz_oxide v0.4.3
[INFO] [stderr]    Compiling aho-corasick v0.7.14
[INFO] [stderr]    Compiling bstr v0.2.13
[INFO] [stderr]    Compiling quote v1.0.7
[INFO] [stderr]    Compiling mime_guess v2.0.3
[INFO] [stderr]    Compiling net2 v0.2.35
[INFO] [stderr]    Compiling iovec v0.1.4
[INFO] [stderr]    Compiling signal-hook-registry v1.2.1
[INFO] [stderr]    Compiling num_cpus v1.13.0
[INFO] [stderr]    Compiling digest v0.9.0
[INFO] [stderr]    Compiling block-buffer v0.9.0
[INFO] [stderr]    Compiling sha2 v0.9.1
[INFO] [stderr]    Compiling mio v0.6.22
[INFO] [stderr]    Compiling mio-uds v0.6.8
[INFO] [stderr]    Compiling regex v1.4.1
[INFO] [stderr]    Compiling backtrace v0.3.53
[INFO] [stderr]    Compiling globset v0.4.5
[INFO] [stderr]    Compiling pathutils v0.1.0 (https://github.com/kildevaeld/pathutils-rs#61739a81)
[INFO] [stderr]    Compiling synstructure v0.12.4
[INFO] [stderr]    Compiling futures-macro v0.3.6
[INFO] [stderr]    Compiling async-stream-impl v0.2.1
[INFO] [stderr]    Compiling tokio-macros v0.2.5
[INFO] [stderr]    Compiling async-trait v0.1.41
[INFO] [stderr]    Compiling failure_derive v0.1.8
[INFO] [stderr]    Compiling serde_derive v1.0.117
[INFO] [stderr]    Compiling tokio v0.2.22
[INFO] [stderr]    Compiling async-stream v0.2.1
[INFO] [stderr]    Compiling failure v0.1.8
[INFO] [stderr]    Compiling pin-project v0.4.27
[INFO] [stderr]    Compiling futures-util v0.3.6
[INFO] [stderr]    Compiling tasks v0.7.0 (/opt/rustwide/workdir/tasks)
[INFO] [stderr]    Compiling vfs-async v0.1.0 (https://github.com/kildevaeld/vfs-rs#44a29f2d)
[INFO] [stderr]    Compiling runtime v0.1.0 (/opt/rustwide/workdir/runtime)
[INFO] [stderr]    Compiling tasks-vinyl v0.1.0 (/opt/rustwide/workdir/tasks-vinyl)
[INFO] [stderr]    Compiling band v0.1.0 (/opt/rustwide/workdir/band)
[INFO] [stdout] error: expected `;`, found `}`
[INFO] [stdout]    --> band/src/band.rs:286:10
[INFO] [stdout]     |
[INFO] [stdout] 286 |         }
[INFO] [stdout]     |          ^ help: add `;` here
[INFO] [stdout] 287 |     }
[INFO] [stdout]     |     - unexpected token
[INFO] [stdout] 
[INFO] [stdout] 
[INFO] [stdout] warning: unused import: `crate::runtime`
[INFO] [stdout]  --> tasks-vinyl/src/builder.rs:1:5
[INFO] [stdout]   |
[INFO] [stdout] 1 | use crate::runtime;
[INFO] [stdout]   |     ^^^^^^^^^^^^^^
[INFO] [stdout]   |
[INFO] [stdout]   = note: `#[warn(unused_imports)]` on by default
[INFO] [stdout] 
[INFO] [stdout] 
[INFO] [stdout] warning: unused import: `Discard`
[INFO] [stdout]  --> tasks-vinyl/src/builder.rs:2:13
[INFO] [stdout]   |
[INFO] [stdout] 2 | use crate::{Discard, Error, File, Reply, Vector, VinylStream};
[INFO] [stdout]   |             ^^^^^^^
[INFO] [stdout] 
[INFO] [stdout] 
[INFO] [stdout] warning: unused import: `super::util`
[INFO] [stdout]  --> tasks-vinyl/src/dest.rs:1:5
[INFO] [stdout]   |
[INFO] [stdout] 1 | use super::util;
[INFO] [stdout]   |     ^^^^^^^^^^^
[INFO] [stdout] 
[INFO] [stdout] 
[INFO] [stdout] warning: unused import: `Content`
[INFO] [stdout]  --> tasks-vinyl/src/dest.rs:2:13
[INFO] [stdout]   |
[INFO] [stdout] 2 | use super::{Content, Error, File};
[INFO] [stdout]   |             ^^^^^^^
[INFO] [stdout] 
[INFO] [stdout] 
[INFO] [stdout] warning: unused imports: `Stream`, `future::BoxFuture`, `ready`
[INFO] [stdout]  --> tasks-vinyl/src/dest.rs:3:20
[INFO] [stdout]   |
[INFO] [stdout] 3 | use futures_core::{future::BoxFuture, ready, Stream};
[INFO] [stdout]   |                    ^^^^^^^^^^^^^^^^^  ^^^^^  ^^^^^^
[INFO] [stdout] 
[INFO] [stdout] 
[INFO] [stdout] warning: unused imports: `StreamExt`, `TryStreamExt`, `io::AsyncReadExt`, `stream::Buffered`
[INFO] [stdout]  --> tasks-vinyl/src/dest.rs:4:20
[INFO] [stdout]   |
[INFO] [stdout] 4 | use futures_util::{io::AsyncReadExt, stream::Buffered, StreamExt, TryStreamExt};
[INFO] [stdout]   |                    ^^^^^^^^^^^^^^^^  ^^^^^^^^^^^^^^^^  ^^^^^^^^^  ^^^^^^^^^^^^
[INFO] [stdout] 
[INFO] [stdout] 
[INFO] [stdout] warning: unused imports: `pin_project`, `project`
[INFO] [stdout]  --> tasks-vinyl/src/dest.rs:5:19
[INFO] [stdout]   |
[INFO] [stdout] 5 | use pin_project::{pin_project, project};
[INFO] [stdout]   |                   ^^^^^^^^^^^  ^^^^^^^
[INFO] [stdout] 
[INFO] [stdout] 
[INFO] [stdout] warning: unused import: `std::future::Future`
[INFO] [stdout]  --> tasks-vinyl/src/dest.rs:6:5
[INFO] [stdout]   |
[INFO] [stdout] 6 | use std::future::Future;
[INFO] [stdout]   |     ^^^^^^^^^^^^^^^^^^^
[INFO] [stdout] 
[INFO] [stdout] 
[INFO] [stdout] warning: unused import: `std::pin::Pin`
[INFO] [stdout]  --> tasks-vinyl/src/dest.rs:7:5
[INFO] [stdout]   |
[INFO] [stdout] 7 | use std::pin::Pin;
[INFO] [stdout]   |     ^^^^^^^^^^^^^
[INFO] [stdout] 
[INFO] [stdout] 
[INFO] [stdout] warning: unused import: `std::sync::Arc`
[INFO] [stdout]  --> tasks-vinyl/src/dest.rs:8:5
[INFO] [stdout]   |
[INFO] [stdout] 8 | use std::sync::Arc;
[INFO] [stdout]   |     ^^^^^^^^^^^^^^
[INFO] [stdout] 
[INFO] [stdout] 
[INFO] [stdout] warning: unused imports: `Context`, `Poll`
[INFO] [stdout]  --> tasks-vinyl/src/dest.rs:9:17
[INFO] [stdout]   |
[INFO] [stdout] 9 | use std::task::{Context, Poll};
[INFO] [stdout]   |                 ^^^^^^^  ^^^^
[INFO] [stdout] 
[INFO] [stdout] 
[INFO] [stdout] warning: unused import: `Rejection`
[INFO] [stdout]   --> tasks-vinyl/src/dest.rs:10:19
[INFO] [stdout]    |
[INFO] [stdout] 10 | use tasks::{task, Rejection, Task};
[INFO] [stdout]    |                   ^^^^^^^^^
[INFO] [stdout] 
[INFO] [stdout] 
[INFO] [stdout] warning: unused imports: `Globber`, `VFile`
[INFO] [stdout]   --> tasks-vinyl/src/dest.rs:11:17
[INFO] [stdout]    |
[INFO] [stdout] 11 | use vfs_async::{Globber, OpenOptions, VFile, VPath, VFS};
[INFO] [stdout]    |                 ^^^^^^^               ^^^^^
[INFO] [stdout] 
[INFO] [stdout] 
[INFO] [stdout] warning: unused import: `AsyncWrite`
[INFO] [stdout]  --> tasks-vinyl/src/file.rs:9:10
[INFO] [stdout]   |
[INFO] [stdout] 9 |     io::{AsyncWrite, AsyncWriteExt},
[INFO] [stdout]   |          ^^^^^^^^^^
[INFO] [stdout] 
[INFO] [stdout] 
[INFO] [stdout] warning: unused imports: `TaskExt`, `filter_fn_one`
[INFO] [stdout]  --> tasks-vinyl/src/filters/mime.rs:3:13
[INFO] [stdout]   |
[INFO] [stdout] 3 | use tasks::{filter_fn_one, task, Rejection, Task, TaskExt};
[INFO] [stdout]   |             ^^^^^^^^^^^^^                         ^^^^^^^
[INFO] [stdout] 
[INFO] [stdout] 
[INFO] [stdout] error[E0308]: mismatched types
[INFO] [stdout]    --> band/src/band.rs:277:46
[INFO] [stdout]     |
[INFO] [stdout] 277 |                 let action = match tasks.get(s){
[INFO] [stdout]     |                                              ^ expected struct `DefaultKey`, found `&T`
[INFO] [stdout]     |
[INFO] [stdout]     = note: expected struct `DefaultKey`
[INFO] [stdout]             found reference `&T`
[INFO] [stdout] 
[INFO] [stdout] 
[INFO] [stdout] warning: unused import: `std::fmt`
[INFO] [stdout]  --> tasks-vinyl/src/path.rs:1:5
[INFO] [stdout]   |
[INFO] [stdout] 1 | use std::fmt;
[INFO] [stdout]   |     ^^^^^^^^
[INFO] [stdout] 
[INFO] [stdout] 
[INFO] [stdout] warning: unused imports: `AsyncSeek`, `IoSliceMut`, `IoSlice`
[INFO] [stdout]  --> tasks-vinyl/src/runtime/tokio_rt.rs:1:29
[INFO] [stdout]   |
[INFO] [stdout] 1 | use futures_io::{AsyncRead, AsyncSeek, AsyncWrite, IoSlice, IoSliceMut};
[INFO] [stdout]   |                             ^^^^^^^^^              ^^^^^^^  ^^^^^^^^^^
[INFO] [stdout] 
[INFO] [stdout] 
[INFO] [stdout] warning: unused import: `futures_util::TryFutureExt`
[INFO] [stdout]  --> tasks-vinyl/src/runtime/tokio_rt.rs:2:5
[INFO] [stdout]   |
[INFO] [stdout] 2 | use futures_util::TryFutureExt;
[INFO] [stdout]   |     ^^^^^^^^^^^^^^^^^^^^^^^^^^
[INFO] [stdout] 
[INFO] [stdout] 
[INFO] [stdout] warning: unused import: `std::fs::OpenOptions`
[INFO] [stdout]  --> tasks-vinyl/src/runtime/tokio_rt.rs:5:5
[INFO] [stdout]   |
[INFO] [stdout] 5 | use std::fs::OpenOptions;
[INFO] [stdout]   |     ^^^^^^^^^^^^^^^^^^^^
[INFO] [stdout] 
[INFO] [stdout] 
[INFO] [stdout] warning: unused import: `SeekFrom`
[INFO] [stdout]  --> tasks-vinyl/src/runtime/tokio_rt.rs:7:21
[INFO] [stdout]   |
[INFO] [stdout] 7 | use std::io::{self, SeekFrom};
[INFO] [stdout]   |                     ^^^^^^^^
[INFO] [stdout] 
[INFO] [stdout] 
[INFO] [stdout] warning: unused import: `super::util`
[INFO] [stdout]  --> tasks-vinyl/src/traits.rs:1:5
[INFO] [stdout]   |
[INFO] [stdout] 1 | use super::util;
[INFO] [stdout]   |     ^^^^^^^^^^^
[INFO] [stdout] 
[INFO] [stdout] 
[INFO] [stdout] warning: unused import: `Content`
[INFO] [stdout]  --> tasks-vinyl/src/traits.rs:2:29
[INFO] [stdout]   |
[INFO] [stdout] 2 | use super::{runtime::Mutex, Content, Error, File};
[INFO] [stdout]   |                             ^^^^^^^
[INFO] [stdout] 
[INFO] [stdout] 
[INFO] [stdout] warning: unused imports: `TryStreamExt`, `stream::Buffered`
[INFO] [stdout]  --> tasks-vinyl/src/traits.rs:4:20
[INFO] [stdout]   |
[INFO] [stdout] 4 | use futures_util::{stream::Buffered, FutureExt, StreamExt, TryStreamExt};
[INFO] [stdout]   |                    ^^^^^^^^^^^^^^^^                        ^^^^^^^^^^^^
[INFO] [stdout] 
[INFO] [stdout] 
[INFO] [stdout] warning: unused imports: `Globber`, `OpenOptions`, `VFS`, `VFile`, `VPath`
[INFO] [stdout]   --> tasks-vinyl/src/traits.rs:11:17
[INFO] [stdout]    |
[INFO] [stdout] 11 | use vfs_async::{Globber, OpenOptions, VFile, VPath, VFS};
[INFO] [stdout]    |                 ^^^^^^^  ^^^^^^^^^^^  ^^^^^  ^^^^^  ^^^
[INFO] [stdout] 
[INFO] [stdout] 
[INFO] [stdout] warning: use of deprecated macro `project`: consider naming projected type by passing `project` argument to #[pin_project] attribute instead, see release note <https://github.com/taiki-e/pin-project/releases/tag/v0.4.21> for details
[INFO] [stdout]    --> tasks-vinyl/src/traits.rs:122:7
[INFO] [stdout]     |
[INFO] [stdout] 122 |     #[project]
[INFO] [stdout]     |       ^^^^^^^
[INFO] [stdout]     |
[INFO] [stdout]     = note: `#[warn(deprecated)]` on by default
[INFO] [stdout] 
[INFO] [stdout] 
[INFO] [stdout] warning: unused import: `filters`
[INFO] [stdout]  --> tasks-vinyl/src/transforms/rename.rs:1:13
[INFO] [stdout]   |
[INFO] [stdout] 1 | use crate::{filters, Error, File};
[INFO] [stdout]   |             ^^^^^^^
[INFO] [stdout] 
[INFO] [stdout] 
[INFO] [stdout] warning: unused import: `pathutils`
[INFO] [stdout]  --> tasks-vinyl/src/transforms/rename.rs:2:5
[INFO] [stdout]   |
[INFO] [stdout] 2 | use pathutils;
[INFO] [stdout]   |     ^^^^^^^^^
[INFO] [stdout] 
[INFO] [stdout] 
[INFO] [stdout] warning: unused import: `std::io::Error`
[INFO] [stdout]  --> tasks-vinyl/src/util.rs:5:5
[INFO] [stdout]   |
[INFO] [stdout] 5 | use std::io::Error;
[INFO] [stdout]   |     ^^^^^^^^^^^^^^
[INFO] [stdout] 
[INFO] [stdout] 
[INFO] [stdout] warning: unused import: `IntoVinylStreamDestination`
[INFO] [stdout]  --> tasks-vinyl/src/vfs_ext.rs:3:28
[INFO] [stdout]   |
[INFO] [stdout] 3 | use super::{Content, File, IntoVinylStreamDestination, Opener, VinylStreamDestination};
[INFO] [stdout]   |                            ^^^^^^^^^^^^^^^^^^^^^^^^^^
[INFO] [stdout] 
[INFO] [stdout] 
[INFO] [stdout] error[E0308]: `match` arms have incompatible types
[INFO] [stdout]    --> band/src/band.rs:283:40
[INFO] [stdout]     |
[INFO] [stdout] 275 |           let v = match self {
[INFO] [stdout]     |                   ---------- `match` arms have incompatible types
[INFO] [stdout] ...
[INFO] [stdout] 281 |                   action.1.run(ctx)
[INFO] [stdout]     |                   ----------------- this is found to be of type `Pin<Box<dyn std::future::Future<Output = Result<(C, ()), Rejection<C, error::Error>>> + std::marker::Send>>`
[INFO] [stdout] 282 |               }, 
[INFO] [stdout] 283 |               Dependency::Parallel(p) => {
[INFO] [stdout]     |  ________________________________________^
[INFO] [stdout] 284 | |                 
[INFO] [stdout] 285 | |             }
[INFO] [stdout]     | |_____________^ expected struct `Pin`, found `()`
[INFO] [stdout]     |
[INFO] [stdout]     = note:   expected type `Pin<Box<dyn std::future::Future<Output = Result<(C, ()), Rejection<C, error::Error>>> + std::marker::Send>>`
[INFO] [stdout]             found unit type `()`
[INFO] [stdout] help: you need to pin and box this expression
[INFO] [stdout]     |
[INFO] [stdout] 283 |             Dependency::Parallel(p) => Box::pin({
[INFO] [stdout] 284 |                 
[INFO] [stdout] 285 |             })
[INFO] [stdout]     |
[INFO] [stdout] 
[INFO] [stdout] 
[INFO] [stdout] error[E0308]: mismatched types
[INFO] [stdout]    --> band/src/band.rs:274:10
[INFO] [stdout]     |
[INFO] [stdout] 270 |     fn run<C: Clone>(
[INFO] [stdout]     |        --- implicitly returns `()` as its body has no tail or `return` expression
[INFO] [stdout] ...
[INFO] [stdout] 274 |     ) -> Result<impl Future + Send + 'static, Error> {
[INFO] [stdout]     |          ^^^^^^^^^^^^^^^^^^^^^^^^^^^^^^^^^^^^^^^^^^^ expected enum `Result`, found `()`
[INFO] [stdout]     |
[INFO] [stdout]     = note:   expected enum `Result<_, error::Error>`
[INFO] [stdout]             found unit type `()`
[INFO] [stdout] 
[INFO] [stdout] 
[INFO] [stdout] error: aborting due to 4 previous errors
[INFO] [stdout] 
[INFO] [stdout] 
[INFO] [stdout] For more information about this error, try `rustc --explain E0308`.
[INFO] [stdout] 
[INFO] [stderr] error: could not compile `band`
[INFO] [stderr] 
[INFO] [stderr] To learn more, run the command again with --verbose.
[INFO] [stderr] warning: build failed, waiting for other jobs to finish...
[INFO] [stdout] warning: unused import: `TryStreamExt`
[INFO] [stdout]  --> tasks-vinyl/src/builder.rs:5:79
[INFO] [stdout]   |
[INFO] [stdout] 5 |     future::BoxFuture, stream::BoxStream, FutureExt, StreamExt, TryFutureExt, TryStreamExt,
[INFO] [stdout]   |                                                                               ^^^^^^^^^^^^
[INFO] [stdout] 
[INFO] [stdout] 
[INFO] [stdout] warning: unused import: `AsyncReadExt`
[INFO] [stdout]  --> tasks-vinyl/src/vfs_ext.rs:6:52
[INFO] [stdout]   |
[INFO] [stdout] 6 |     future::BoxFuture, pin_mut, stream::BoxStream, AsyncReadExt, AsyncWriteExt, FutureExt,
[INFO] [stdout]   |                                                    ^^^^^^^^^^^^
[INFO] [stdout] 
[INFO] [stdout] 
[INFO] [stdout] warning: unused variable: `file`
[INFO] [stdout]   --> tasks-vinyl/src/dest.rs:34:21
[INFO] [stdout]    |
[INFO] [stdout] 34 |                 let file = path
[INFO] [stdout]    |                     ^^^^ help: if this is intentional, prefix it with an underscore: `_file`
[INFO] [stdout]    |
[INFO] [stdout]    = note: `#[warn(unused_variables)]` on by default
[INFO] [stdout] 
[INFO] [stdout] 
[INFO] [stdout] warning: unused variable: `f`
[INFO] [stdout]   --> tasks-vinyl/src/error.rs:18:19
[INFO] [stdout]    |
[INFO] [stdout] 18 |     fn fmt(&self, f: &mut fmt::Formatter<'_>) -> fmt::Result {
[INFO] [stdout]    |                   ^ help: if this is intentional, prefix it with an underscore: `_f`
[INFO] [stdout] 
[INFO] [stdout] 
[INFO] [stdout] warning: 33 warnings emitted
[INFO] [stdout] 
[INFO] [stdout] 
[INFO] [stderr] error: build failed
[INFO] running `Command { std: "docker" "inspect" "7d46d0fcae5ac93afdeb19be7aa2ad3cbd56401fd56156498fabc5606c9702bb", kill_on_drop: false }`
[INFO] running `Command { std: "docker" "rm" "-f" "7d46d0fcae5ac93afdeb19be7aa2ad3cbd56401fd56156498fabc5606c9702bb", kill_on_drop: false }`
[INFO] [stdout] 7d46d0fcae5ac93afdeb19be7aa2ad3cbd56401fd56156498fabc5606c9702bb
